?
2, 1409
Suppose -j - 3*j = -3*s - 26, -5 = -j. What are the prime factors of (-5 + (1193 - -7))*s/(-10)?
239
Suppose -v + 6*v = 8*v - 28920. What are the prime factors of v?
2, 5, 241
Suppose 8*i + 9895 + 11361 = 0. Let a = -1559 - i. What are the prime factors of a?
2, 3, 61
Let k(w) = 13*w + 88. Let x(n) = 4*n + 32. Let a(u) = -3*k(u) + 8*x(u). Let h(q) = -q**3 + 5*q**2 - 7*q + 5. Let y be h(4). What are the prime factors of a(y)?
41
Let g(y) = 38*y**2 + 2*y + 2. Let s be g(-1). Let k = -33 + s. What are the prime factors of 2*((-1425)/(-6))/k?
5, 19
Suppose 3*v + 2 - 8 = 0. Suppose -4402 = -5*h - v*b, 4*h + 5*b - 1744 = 2*h. List the prime factors of ((-12)/14)/((-7)/h).
2, 3
Suppose 94 - 34 = 5*w. Suppose 1 + 1 = -x. Let s = w - x. List the prime factors of s.
2, 7
Suppose 0 = 4*i - 5*c - 231251, -512 = -4*c - 524. List the prime factors of i.
57809
Let f(t) = 4*t**3 - t**2 + 2*t - 1. Suppose 3*z + 15 - 18 = 0. Let p be f(z). Suppose -u + 42 = -4*c - 38, -p*u - 5*c = -341. What are the prime factors of u?
2, 3, 7
Suppose 4*f = 8, -3*f + 2*f + 88 = j. Let o(y) = 1 - 7 - 90*y + 1 + j*y. What are the prime factors of o(-15)?
5, 11
Let u be 682/10 + -9*(-16)/180. Suppose r - u = -r + a, 4*r - 4*a = 140. What are the prime factors of r?
2, 17
Let m(i) = -152*i**3 - i**2 + 2*i + 16. List the prime factors of m(-4).
2, 3, 5
Suppose -5*j + y + 59106 = 0, 4*y + 2747 = j - 9078. What are the prime factors of j?
11821
Suppose -4*i - 4*t - 20 = 0, 5 = 4*i - 7*i - t. Let c be (34 + (-3 - -6))/(i + 1). Let m = c + -13. List the prime factors of m.
2, 3
Let t(b) = b**2 - 6*b + 153. Let r be t(28). Suppose -w - 4 = 0, -r = 3*o - 4*o - 3*w. What are the prime factors of o?
11, 71
Let h = 2283 - 1303. Let z = -606 + h. List the prime factors of z.
2, 11, 17
Let t(i) be the second derivative of -1/20*i**5 + 5/3*i**3 + 0 - 5/6*i**4 - 38*i - 7*i**2. List the prime factors of t(-12).
2, 7, 11
Suppose 30506 + 6810 = 76*o. List the prime factors of o.
491
Let u = -44346 + 64353. What are the prime factors of u?
3, 13, 19
Let p(y) = -y**2 - 11*y - 23. Let f be p(-9). Let j = 7 + f. What are the prime factors of j?
2
Let c(m) be the first derivative of m**6/60 + m**5/5 - m**4/24 - 5*m**2/2 - 25. Let g(u) be the second derivative of c(u). List the prime factors of g(-5).
5, 11
Let a(m) = 9*m**2 - m + 2. Let r be a(1). Let x(n) = -2*n - 27. Let p be x(r). Let l = p - -99. List the prime factors of l.
2, 13
Suppose 656416 + 108035 = 27*o. List the prime factors of o.
23, 1231
Suppose 24 = -16*d + 20*d, 0 = 2*z - 3*d - 13138. What are the prime factors of z?
2, 11, 13, 23
Suppose 9 = -16*x + 105. Suppose -x*v - 497 = -1325. What are the prime factors of v?
2, 3, 23
Let i(u) = 911*u + 484. What are the prime factors of i(7)?
3, 2287
Let q = 34487 - -19618. What are the prime factors of q?
3, 5, 3607
Let l = 129 - 127. Suppose -3*y + 6 = -4*v, y + 2 = -v + l*y. Suppose -631 = -2*k - 5*a, v = 5*k - 3*a - 242 - 1289. What are the prime factors of k?
2, 7, 11
Let b(d) = d**3 - 7*d**2 + 7*d - 1. Let x be b(6). Let n = -55 + 60. Suppose n*p + 94 - 504 = x*c, -4*c = -4. List the prime factors of p.
83
Suppose 1071 = 2*v - 541. Suppose 0 = 3*z + 4*n - 919, -4*z + v + 386 = -3*n. List the prime factors of z.
7, 43
Let u = 27481 - 2541. List the prime factors of u.
2, 5, 29, 43
Let o(p) be the first derivative of -9 + 272*p - 7*p**2 + 2 - 137*p - 138*p. What are the prime factors of o(-6)?
3
Let s(n) be the first derivative of n**4/12 - n**3/3 + 17*n**2/2 - 13*n - 9. Let a(j) be the first derivative of s(j). List the prime factors of a(-13).
2, 53
Suppose 0 = -17*x + 26*x - 90. Let h(q) = 34*q**2 + 1. Let m be h(1). What are the prime factors of (469/m + -5)*1*x?
2, 3, 7
Let w(j) be the second derivative of 4/3*j**3 + 15/2*j**2 + 0 - 4*j. What are the prime factors of w(10)?
5, 19
Let k be (-54)/4*(-12)/72*4. Let g(l) = -5*l + 50. Let s be g(k). List the prime factors of s + (-8)/1 - -63.
2, 3, 5
Let u be 2114/84 - ((-26)/(-12) + -2). What are the prime factors of 346/(-7)*(u - 32) - 2?
2, 43
Suppose -24*g - 5*i = -23*g - 2811, -2*g + 4*i = -5552. What are the prime factors of g?
2, 7, 199
Suppose 7*n + 3*b = 3*n - 745, 355 = -2*n - 5*b. Let u be n + 12 - (-1 + 2). Let r = u + 332. What are the prime factors of r?
3, 17
Let u = -76 + 69. Let m(s) = 5*s**2 + 11*s + 7. List the prime factors of m(u).
5, 7
Let x = -37 + 40. Suppose x*z + 6*q = 5*q + 139, -z = 4*q - 61. Let i = 69 - z. List the prime factors of i.
2, 3
Let z(j) = -j + 2 + 10*j**2 - 1 - 1 + 2 + j**3 + 2. Let b be (-520)/72 + 2/9. What are the prime factors of z(b)?
2, 79
Let u = 812 + -820. What are the prime factors of (1517 + 0)/((-1 - u) + -6)?
37, 41
Let u be (378/216)/(1/1032*2). Let t = u - 402. List the prime factors of t.
3, 167
Let m be -4 - 1 - -1 - -5. Suppose 0 = 3*b + 2*q - 16, 14 = 2*b - b + 5*q. Suppose 3*s = 4*k - 394, b*k + m - 387 = -s. List the prime factors of k.
97
Let a(k) = k**3 - 7*k**2 - 8*k + 204. Let j be a(10). Suppose 3*v + 3*y = 1287, -j - 1681 = -5*v + 3*y. What are the prime factors of v?
2, 53
Let h = 23207 + -692. List the prime factors of h.
3, 5, 19, 79
Let z(s) = 33*s - 42. Let p be z(5). Let i be (11/(-33))/(2/(-18)). Suppose h + i = 0, h = l - 3*l + p. List the prime factors of l.
3, 7
Let i(u) = 10*u**2 - 5*u - 27. Let b = 53 + -3. Let g be (-20)/b + (-18)/5. What are the prime factors of i(g)?
3, 17
Let k(m) = m**2 + 10*m - 8. Let f be k(1). Suppose 175 + 83 = f*q. What are the prime factors of q?
2, 43
Suppose -29180*l = -29185*l + 271770. List the prime factors of l.
2, 3, 9059
Let h = 15456 - -30048. List the prime factors of h.
2, 3, 79
List the prime factors of (0 + (-36976)/(-10))/(25 + (-1845)/75).
2, 2311
Let k be ((2/(-4))/(-1))/(1/(-206)). Let s = k - -179. List the prime factors of s.
2, 19
Suppose -4*y + 2*q - 3*q = -3355, 0 = 3*y - 4*q - 2540. Suppose 5*h - y = 4*f, 502 = -19*h + 22*h - 2*f. What are the prime factors of h?
2, 41
Let y(c) = -41*c - 38. Let h(r) = 1. Let n(j) = 6*h(j) + y(j). What are the prime factors of n(-10)?
2, 3, 7
List the prime factors of 96/(-18)*((-6885)/20)/1.
2, 3, 17
List the prime factors of (-445)/178 - (2 + (-3)/6) - -30352.
2, 3, 281
Let l(c) = 249*c + 1690. What are the prime factors of l(19)?
6421
Let c(l) = 31*l + 43. Let d be c(-6). Let k = 598 + d. What are the prime factors of k?
5, 7, 13
Suppose -d = -2*k + 8, -3*k - k + 20 = 0. Let w(a) = 2*a**2 - a + 1. Let y be w(d). Suppose -4*t = 4*p - 336, -4*t + 80 = p - y*t. List the prime factors of p.
83
What are the prime factors of 324/(-1512) - (-784317)/42?
2, 9337
Suppose -2*y - 1 + 13 = 0. Suppose -v - 2*v + y = 0. Suppose 0 = i + v*i - 45. What are the prime factors of i?
3, 5
Let z = -339 + 355. Suppose -z = f - 180. What are the prime factors of f?
2, 41
Let w be 2/(-4 - -6 - 1). Suppose -w*g + 44 = 2*n, 1 = -g + 4*n - 2. What are the prime factors of g*7/((-14)/(-6))?
3, 17
Suppose 13*w + 121*w = w + 5413499. List the prime factors of w.
13, 31, 101
Let h(m) = 50*m**3 - 2*m**2 - 8*m - 13. Let a be h(-3). Let b = a - -1991. What are the prime factors of b?
2, 317
Let t(r) = 2252*r - 314. List the prime factors of t(4).
2, 3, 7, 23
Let u = -30308 - -42843. List the prime factors of u.
5, 23, 109
Let c(y) = y**3 - 19*y**2 - 30*y + 3. Let w be c(21). What are the prime factors of w - 0/(-4 + 2)?
3, 5, 17
Let r(u) = 2*u**3 + 36*u**2 - 202*u + 40. List the prime factors of r(16).
2, 1777
Suppose -107870 = -10*u + 30*u - 413490. What are the prime factors of u?
7, 37, 59
Suppose 0 = -18*t + 63 + 9. Suppose 3*w - t*m - m = 639, -3*w + 639 = 5*m. List the prime factors of w.
3, 71
Suppose 3*w = -4*y - 0*w + 1, y + 3*w + 11 = 0. Let t be ((-60)/(-16) - 3)*y. Suppose t*m = 8*m - 1125. List the prime factors of m.
3, 5
Let o be 4/6 + 560/42. Suppose 0*s = -2*s + l + 10, 5*s - o = -3*l. Suppose 0*y - 224 = -s*y. List the prime factors of y.
2, 7
List the prime factors of (-9)/((-9)/(-57735)*-15).
3, 1283
Let m = 307 - 346. Let t = m - -348. What are the prime factors of t?
3, 103
Suppose 49 = -8*v + 177. Suppose 0 = -v*q - 0*q + 9024. List the prime factors of q.
2, 3, 47
Let t(v) = 6*v**3 + 7*v**2 - 16*v + 10*v**3 - 20*v**3 + 5*v**3 + 20. What are the prime factors of t(-9)?
2
